 be the second derivative of -w**4/12 - 3*w**2/2 + 4*w. Let b(o) = o**3 + 6*o**2 + o + 8. Let k be b(-6). Suppose 0 = k*x - 2*x - 3*x. Give n(x).
-3
Let t(w) = -2*w**3 + w + 16 + w - 6 - 5. Give t(2).
-7
Let q(p) = 3*p**2 + 2*p - 5. Suppose 7*o - 8*o + 2 = -a, 4*o = 5*a + 6. Calculate q(a).
11
Let g(d) = -d**2 + 2*d + 8. Suppose -31*h + 336 = -10*h. Suppose -u + 4 = w, -h = -2*u + 5*w + 13. Determine g(u).
-27
Suppose 0 = 4*b - 5*a - 28, -2*b + 4*a - 40 = -4*b. Let t be 10/(-15)*b + 10. Let o(h) = -5 + 3 + 4*h**2 - h - h**3 - h. Determine o(t).
2
Let d(y) = 3*y**2 + 2*y - 5. Let i be d(3). Let r(p) = 3*p**2 - 48*p + 54*p + 27*p**3 - i*p**3 + 1. Calculate r(5).
-19
Let b(p) be the second derivative of 1/3*p**3 + 2/3*p**4 - 22 - 1/2*p**2 + 7*p. Give b(-2).
27
Suppose -h - 10 = o, 3*o = -31*h + 32*h - 46. Let u(w) = 2*w**3 + 28*w**2 + 6*w + 14. Determine u(o).
-70
Let h(p) = 331*p - 330. Let z be h(1). Let m(b) = 14*b - 12. Determine m(z).
2
Suppose 106*f - 2728 = -142*f. Let k(l) = -l**3 + 16*l**2 + 11*l - 13. Let x(w) = w**2 - 1. Let s(h) = k(h) - 6*x(h). Give s(f).
-7
Let k = -69 - -29. Let v = k - 11. Let i = v - -51. Let r(j) = -j**2 + j - 13. Calculate r(i).
-13
Let c(q) = q**3 - 9*q**2 + 17*q - 15. Let w be 4/(-54) + (-31897)/(-4509). Give c(w).
6
Let m(q) = -23*q + 8. Let v(i) = -50*i + 18. Let w(a) = -13*m(a) + 6*v(a). Determine w(6).
-2
Let b = 0 + -4. Let c be -3*(-1 - b/(-3)). Let n(d) be the second derivative of d**3/6 - 9*d**2/2 - 11*d + 18. Determine n(c).
-2
Let c(u) = u**3 + 11*u - 1. Let w(l) = -7*l**3 - 9*l**2 - 76*l + 1. Let x(k) = 8*c(k) + w(k). Let b(r) = -2*r**3 - 3*r**2 - 2*r. Let o be b(-2). What is x(o)?
25
Let g(s) = -6*s + 5*s + 3*s - 5 - s**2 + s**3. Let l(m) = 4*m**3 - 3*m**2 + 7*m - 14. Let x(f) = -7*g(f) + 2*l(f). Suppose -28*q = 28*q. Give x(q).
7
Let u(m) = -4*m - 10. Let k be u(-4). Suppose -11 + 19 = 4*x. Let d(w) = -6*w + 108*w**3 + 7*w**x - 6 - 55*w**3 - 54*w**3. Give d(k).
-6
Suppose -4*a - 5*j - 11 + 25 = 0, 3*a - j - 1 = 0. Let d(r) = 3*r**3 - 3*r**2 + r + 1. What is d(a)?
2
Let r(k) = -8*k**3 - 1398*k**2 - 1 - 60*k**3 + 1398*k**2. Calculate r(-1).
67
Let x = 27 + -23. Suppose 5*p + 31 = 3*d, -2*p = -x*d - 4*p + 76. Let j(a) = 29*a + 7 - 13*a - d*a. Calculate j(-5).
12
Let m(s) be the third derivative of s**6/120 + s**5/12 - 5*s**4/8 + 7*s**3/6 - 2*s**2 + 183*s. Calculate m(-7).
14
Let a = 31 + -27. Suppose 2*w = 8, -a*c - 6*w = -5*w - 408. Let p = 96 - c. Let b(q) = q**3 + 5*q**2 - 7. Calculate b(p).
-7
Let c(d) = -28*d + 245. Let r(x) = 3*x**3 + 42*x**2 - 104*x - 119. Let n be r(-16). What is c(n)?
-7
Let g(c) be the second derivative of -c**7/2520 + c**6/144 + c**5/8 - 7*c**4/12 + 77*c. Let i(p) be the third derivative of g(p). What is i(7)?
1
Let c be (-252)/(-448)*(-24)/(-3). Let q(v) be the second derivative of 4/3*v**3 - 43*v + 0 - 1/12*v**4 + c*v**2. Give q(8).
9
Let j(f) be the third derivative of f**8/6720 - f**7/504 + f**6/180 + f**5/40 + f**4/24 - f**3 - 27*f**2. Let s(y) be the second derivative of j(y). Give s(4).
3
Let d(l) = -3*l**2 - 2*l + 17. Let c(w) = -224*w - 3. Let y be c(0). Determine d(y).
-4
Let q(j) = -12*j + 69. Let w(n) = -2*n**3 - 13*n**2 - 31*n - 74. Let h be w(-5). What is q(h)?
-3
Let w(x) = 38*x**3 + x - 48. Let o(v) = -77*v**3 - v + 119. Let r(z) = -2*o(z) - 5*w(z). Give r(1).
-37
Let p(z) = z**2 - 20*z + 22. Suppose 38 = -10*g + 12*g. Let k be p(g). Suppose 11 = k*q + 2*h, 3*q = 7*q - 3*h + 8. Let a(n) = 3*n**2 + n - 1. Determine a(q).
3
Let h = 5345 + -5342. Let r(d) = -7*d + 4. What is r(h)?
-17
Let p(a) = 287*a - 20. Let u(y) = -622*y + 39. Let i(c) = -13*p(c) - 6*u(c). What is i(8)?
34
Let y(f) = f**3 - 4*f**2 + f - 1. Let n be y(5). Let q(o) = -3 + 31*o + n*o - 59*o. Determine q(0).
-3
Let w(c) be the first derivative of -4*c**4 + 2*c**3/3 - 3*c**2/2 - 1872. Give w(1).
-17
Let f be 2 + (35/(-5) - -5) + 2. Let b(m) = 4*m + 2 - 3*m + 0*m - f*m. Suppose 0 = h, 4*c + 3*h + 16 = -0*c. Give b(c).
6
Let g be 4/(0 - 2)*36/72. Suppose -4*d = -5*p - 53, -4*d - 7*p = -3*p - 8. Let i(t) = 1 + 3 - 3 - d*t**3 + 2*t + t**3. Calculate i(g).
5
Let r(g) = 94*g**3 - 16*g**2 - 2*g - 13. Let o(l) = 140*l**3 - 23*l**2 - 3*l - 18. Let f(a) = 5*o(a) - 7*r(a). Calculate f(-1).
-43
Let y(z) = -2*z - 17. Let x = -1407 - -1414. Give y(x).
-31
Let n(x) = 0*x - 2*x + 145*x**2 - 413*x**2 + 266*x**2. Suppose 4*y = 2*o + 16, 4*y - 17 = o - y. Determine n(o).
-4
Let f(s) = 14*s + 12. Let l(k) = -k - 2. Let n(u) = -4*f(u) - 24*l(u). Determine n(1).
-32
Let x(a) = a**2 - 5*a - 10. Let d = 875 + -779. Let t be ((-12)/(d/20))/((-5)/12). Give x(t).
-4
Suppose -2977*s - 14769 = 6070. Let y(x) be the first derivative of 1 + x + 4*x**2 + 1/3*x**3. Determine y(s).
-6
Let y(l) = -16*l - 2*l**2 + 1245 - 1242 + 8*l. Determine y(2).
-21
Let d(w) = -w + 18. Let g = -5296 - -5282. What is d(g)?
32
Let h(l) = l**3 - 6*l**2 - 3*l + 6. Let o = -46 + 50. Suppose 2*t - 33 = -p - 3, o*p + 4*t = 100. Let c = 26 - p. Give h(c).
-12
Let p(i) = i**3 + i**2 - 9*i + 1. Suppose 10*s + l - 12 = 14*s, -35 = -s + 5*l. Give p(s).
-54
Let r(f) = -8*f**2 - 5*f - 2. Let z be r(-1). Let i(m) = 23*m + 124. Give i(z).
9
Let a(l) = l**3 + 11*l**2 + 7*l. Suppose -3*t + u - 19 = 0, 0 = -t - 78*u + 82*u - 32. Give a(t).
84
Let c be 2156/(-42)*(-60)/110. Let i(k) = -k**3 + 27*k**2 + 28*k + 5. Calculate i(c).
5
Let c(a) = -83*a**2 + 173*a - 2. Let s be c(2). Let z(d) = -3*d - 26. Determine z(s).
-62
Suppose 190 + 20 = 6*g. Let q = g + -32. Let k be q/2*(-88)/(-33). Let c(v) = -v**2 + 4*v - 6. What is c(k)?
-6
Suppose 0 = 4*a - 3*m - 55, 52*a - 47 = 51*a - 4*m. Let t(o) = -o**2 + 22*o - 58. Calculate t(a).
-1
Let f(y) = -6*y**2 + 2*y + 1. Let t be (15/(-4) - -2) + 30/(-120). Let l be 3/(-4) + t*8/64. Give f(l).
-7
Let p(q) = -q**3 - 12*q**2 + 14*q + 15. Let k = -3499 - -3486. What is p(k)?
2
Let s(h) = -7*h**2 + 2 - 4*h + 10*h + 31795*h**3 + 16*h - 31796*h**3 + 19. Give s(-9).
-15
Let a(l) = -46*l**2 + l + 2. Let i(m) = 231*m**2 - 15*m - 14. Let n(r) = 5*a(r) + i(r). What is n(18)?
140
Let h(x) = x. Let g = 102 + -99. Suppose 5*p - 4*p = 1, -2*t = -g*p + 11. What is h(t)?
-4
Let q(z) be the first derivative of -z**4/4 - 4*z**3/3 - 3*z**2/2 - 6364. Suppose 4*d + m = -9, 3*d + 4*m = -m + 6. What is q(d)?
0
Suppose 3*n - 36 = -4*m - 2*n, 2*m - 4*n - 18 = 0. Suppose -m*h - 6 - 3 = 0. Let k(s) = -25*s**2 - s - 1. Calculate k(h).
-25
Let n(r) = 5*r - 4. Let s(k) = -5*k + 120. Let y be s(19). Suppose -18*i + 29 = -y. Give n(i).
11
Let k(l) be the third derivative of -23*l**6/120 - l**5/30 + l**4/12 - l**3/6 - 2*l**2. Let w(r) = r**2 + 282*r + 1657. Let f be w(-6). What is k(f)?
-24
Let y be 4/(17 + -5) - 38/6. Let x be y/(100/(-56) + 6/21). Let q(a) = -4 + a - 3*a**2 + a + 5*a**2 + 2*a**2 - a**3. Determine q(x).
4
Let k(p) = 5 + 18 + 39 + 2*p - 110. Give k(17).
-14
Let y(t) be the first derivative of 15*t**2/2 - 17*t - 4424. Determine y(4).
43
Suppose -31*q - 21*q + 39*q = 39. Let i(f) = 28*f. Give i(q).
-84
Let k = 4640 + -4642. Let j(a) = 2*a**2 - a**2 + 0*a**2 - 2*a - 2. Give j(k).
6
Let x(q) = q**3 - 24*q**2 - 26*q + 30. Let d = 17815 - 17790. Calculate x(d).
5
Let v = 1500 + -1492. Let z(u) = u**2 - 11*u + 14. Give z(v).
-10
Let m(z) = -645*z + 2*z**2 + 1300*z - 691*z - 36. Let u be m(19). Let k(h) = -4*h**2 + 5*h - 5. Determine k(u).
-11
Let x(j) = -j**3 + 15*j**2 + j - 13. Let s be x(15). Let k(o) = -5*o**2 + 2*o. Determine k(s).
-16
Let x(h) be the first derivative of -h**5/24 - h**4/6 - 5*h**3/3 - 1. Let s(r) be the third derivative of x(r). Let z(y) = -y - 27. Let o be z(-24). Give s(o).
11
Let u(w) = w + 6757223 - 3*w - 6757225. Determine u(0).
-2
Let p(m) = -19*m - 3. Let w be p(-1). Let q = -12 + w. Let u(o) = -147*o**2 + q - 3 - 2*o + 0 + 165*o**2. Calculate u(1).
17
Let h(v) be the first derivative of 5*v**2/2 - 15*v + 6002. Give h(4).
5
Let y(h) = -h**2 - 2*h + 6. Let k be 3*1/(1/(-1)). Let g be y(k). Let o(l) = 2*l**2 - 2. What is o(g)?
16
Let c(x) = x**2 + 8*x + 6. Let j(p) = -p**2 - 10*p - 15. Let o be j(-5). Suppose 4 = w + o. Let i be c(w). Let g(f) = -f**3 - 7*f**2 - 5*f + 6. Calculate g(i).
0
Let p(b) = -4*b**2 - 114 + 121 + 3*b**2 + 6*b - b**2. Suppose -5*l + 27 = -3. Give p(l).
-29
Let y = 351 + -335. Suppose 8*l + y = 24